the units digit of l(c)?
8
Let s be 10/2*(-1 - -2). Let p be (-2)/(-5)*1*s. What is the units digit of 3 + 1 + (0 - p)?
2
Let w(n) = -5*n**2 + 2*n**2 - 3*n + 7*n**2 - 2*n - 4. What is the units digit of w(4)?
0
Let q(v) = -v - 6. Let k be q(0). What is the tens digit of ((-4)/k)/(1/21)?
1
Let x = 171 + -99. Suppose -3*p + 26 = -109. Suppose -3*q = -0*q + 3*f - x, f = -2*q + p. What is the tens digit of q?
2
Let n(v) = -16*v - 10. What is the tens digit of n(-4)?
5
Suppose 5*s = -h + 1002, 0*s - 192 = -s + 4*h. Suppose s = -n + 6*n. What is the tens digit of n?
4
Suppose -6*q = -7*q + 2. Suppose -4*b - q*d + 156 = 0, -3*b + 84 + 33 = 4*d. What is the units digit of b?
9
Let i = -5 + 1. Let n = i - -7. Let m = n + 16. What is the tens digit of m?
1
Suppose z - w - 36 = 0, -3*z - w = -7 - 93. What is the tens digit of z?
3
Let c(r) be the first derivative of -9*r**2 + 4*r + 1. Let i(b) = 27*b - 6. Let u(z) = 8*c(z) + 5*i(z). What is the units digit of u(-2)?
0
Let f(q) = -3*q**3 + q**2 + q - 1. Let p be f(1). Let l(c) = 3*c**2 - 3*c - 2. Let i be l(p). Suppose -5*k + i = -k. What is the units digit of k?
4
Let k(v) = -v**3 - 2*v**2 + 2*v - 1. Let s = -3 - -4. Let p be k(s). Let t = p + 3. What is the units digit of t?
1
Suppose 0 = -5*g - o - 0*o + 145, -3*g - 2*o = -94. Suppose 3*h - 6*c - 4 = -4*c, -g = -3*h - 4*c. What is the units digit of h?
4
Let d(f) = 55*f + 4. What is the hundreds digit of d(2)?
1
Suppose -67 = 5*l - 262. Let p = 0 + 9. What is the units digit of 2/(-6) + l/p?
4
Let w(x) = 9*x - 28. What is the tens digit of w(8)?
4
Let w = -7 - -6. Let a = 9 - w. What is the tens digit of ((-16)/5)/((-2)/a)?
1
Let h be -3*(3 + 20/(-6)). Let n be 111/(-12) + 1/4. Let v = h - n. What is the units digit of v?
0
Let t(r) = 6*r - 17. What is the units digit of t(6)?
9
Let y = -14 + 20. What is the units digit of 9/y + (-26)/(-4)?
8
Suppose 5*o - o = -88. Let i = o + 33. What is the tens digit of (1 - 2) + i - 0?
1
Suppose 0 = -20*l + 13*l + 455. What is the units digit of l?
5
What is the units digit of (1 + (-1 - 1))*-60?
0
Suppose -4*u + 1 + 3 = 0. Let f = u + -2. What is the units digit of (2 - 4 - 1)/f?
3
Suppose 7 = 2*u - 3. What is the units digit of u?
5
Let h = -3 - -8. Suppose -101 = -h*m - 41. What is the tens digit of m?
1
Let f(l) be the third derivative of 1/6*l**3 + 2/15*l**5 + 0*l - 2*l**2 + 1/12*l**4 + 0. What is the units digit of f(-1)?
7
Suppose 4*m - 254 = 94. What is the tens digit of m?
8
Suppose 27*n = 31*n - 364. What is the tens digit of n?
9
Let h = -1 - -1. Suppose -5*p - 160 = -4*l - p, h = -2*p + 4. What is the units digit of l?
2
Let d(g) = 3*g. Let l be d(1). Suppose 2*a + 78 = 4*c, l*a + 0*a - 103 = -5*c. What is the units digit of c?
0
Let z(f) = -13*f + 1. Let v be z(-1). What is the units digit of v + (-2 - 0) + 0?
2
Let b = 10 + -7. Suppose b*r - 3*y - 66 = 0, 5*r - 3*y + 31 = 139. What is the units digit of r?
1
Let d = -83 - -278. What is the tens digit of d?
9
Let c = -5 - 3. Let h be (4/(-6))/(2/(-57)). Let p = c + h. What is the units digit of p?
1
Suppose -w = 2*t - 6 + 1, -4*t = 3*w - 15. What is the tens digit of 2 + (t/3 - -17)?
1
Suppose 0 = 4*y - 171 + 43. Suppose 3*j + 9 = -54. Let l = j + y. What is the units digit of l?
1
Let u(n) = n**3 - 15*n**2 - 13*n + 24. What is the units digit of u(16)?
2
Let u(g) = g**2 + g. Let n be u(-2). Suppose 3*h - 5*x + 4 = n*h, 2*h + 4*x = 48. Suppose 4*l = h, 3*k = -k + 5*l. What is the units digit of k?
5
What is the units digit of -3 + ((-16)/(-2) - (-8 + 5))?
8
Let b = 12 + -4. Suppose -b*k + 3*k - 5*z + 320 = 0, -5*z + 10 = 0. What is the units digit of 4/16 + k/8?
8
Let f(n) = 4*n - 1. Let c(t) = -5*t + 2. Let u(k) = 3*c(k) + 4*f(k). Let v be u(2). Suppose 2*z - v*p = -6, 2*p = 4*z + 1 - 7. What is the units digit of z?
3
Suppose 8 = 2*f - 8. Suppose 2*p - f = 2. What is the units digit of ((-2)/p)/((-2)/20)?
4
Suppose d - 56 = -2*m, -3*d + 0*d + 3*m + 132 = 0. What is the tens digit of d?
4
Let y(z) = 5*z**2 - 6*z - 2. What is the units digit of y(6)?
2
Let t be -3 + 6 - -2 - -1. Let j(n) = -n**3 + 6*n**2 + 5*n - 2. What is the tens digit of j(t)?
2
Let k = -386 - -274. Let y be 1/5 - k/(-10). Let n = y - -18. What is the units digit of n?
7
Let s = 17 - 9. Let l(r) = 8 - s - 7*r + 5*r**2 + r**3. What is the units digit of l(-6)?
6
What is the units digit of 0/(-1) + (-132)/(-11)?
2
Suppose o + 7 = a + 2*a, 5*o - 3*a = -23. Let r = o + 5. What is the units digit of r?
1
Suppose 0 = w + 2*k - 10, -3*w + 3*k - 1 + 4 = 0. Suppose h - w = 2. Suppose -m - 4*n = -13, 2*m + n = -m + h. What is the units digit of m?
1
Suppose 2*b = f + 1, 2*f = -b - 0*b + 13. Suppose 0*x = b*x. Suppose a + x = 7. What is the units digit of a?
7
Let v = 460 - 156. What is the hundreds digit of v?
3
Let q = 8 - 5. What is the units digit of -2*1 - (-15 + q)?
0
Let w be (-6)/(-9) - (-38)/(-3). What is the units digit of ((-8)/w)/(2/24)?
8
Let r be 80/6 + (-3)/9. Suppose -3*o - p = -r, 4*o + 3*p + 6 = 25. Suppose 15 = 3*s - 4*w - o, 7 = 3*s - w. What is the units digit of s?
1
Suppose 2*i = -3*n - 1, -3*i - 3 + 0 = 4*n. Suppose -61 + 1 = -n*w. What is the units digit of w?
0
What is the units digit of 2/6*-89*-3?
9
Suppose -8 = -3*b + 4. Suppose -b*a + 3 = -3*a. Let k(n) = 2*n**2 - 4*n + 1. What is the units digit of k(a)?
7
Suppose p + 2*v - 28 = 0, -3*p - 6*v + 99 = -3*v. Let s = -23 + p. What is the units digit of s?
5
Let d = 21 - 12. Suppose -k + g = -5*k + 15, 2*g = -k + d. Suppose -4*x = h + 2*h - 22, -k*h + 1 = x. What is the units digit of x?
7
Suppose 2*f + 53 + 23 = 0. Let j = f + 6. Let l = -13 - j. What is the units digit of l?
9
Suppose -u + 12 = -3*u. Let w = u + 20. What is the units digit of 2/(-6) + w/6?
2
Let o(d) = 2*d**3 + 3 - 4*d - 3*d - 3*d**3 + 6*d**2. Let p be o(5). Let c = 1 - p. What is the units digit of c?
8
Suppose -6 = -0*y - 3*y, -150 = -4*r - 3*y. Suppose u + 2*u = -r. What is the units digit of (0 + u/9)*-3?
4
Let h(s) = -s**2 + 3*s + 73. What is the units digit of h(0)?
3
Suppose -3*p + 19 = 4*o, 0 = 2*p - p - 5. Let n be 10/15*(o + 2). What is the units digit of (-2 - (3 - n))/(-1)?
3
Suppose -4 = -5*l + 11. Let y(s) = -s**2 - 9*s. Let b be y(-9). Let j = l + b. What is the units digit of j?
3
Let a(r) = 6*r - 6*r**3 - 11 + 11*r**3 - 6*r**3 + 9*r**2. What is the tens digit of a(9)?
4
Suppose 4*x - 80 = 196. What is the units digit of x?
9
Suppose -i + 46 = -3*t + 4*t, 3 = -3*t. What is the tens digit of i?
4
Suppose 3*n - 3*v - 92 = -2*v, 2*n + 3*v - 54 = 0. What is the tens digit of n?
3
Suppose u - 152 = 5*u. Let l = u + 79. Suppose 2*t + 3*f = 6*t - 29, -f = 5*t - l. What is the units digit of t?
8
Let h(d) = -d**2 - 13*d + 15. What is the units digit of h(-11)?
7
Let p = 27 - -27. Suppose 3*j + 0*j - p = 0. What is the units digit of j?
8
Let r(x) = 2*x**3 + x**2 - x. Let c be r(1). Suppose -70 = -4*l + v - 12, 22 = c*l - 4*v. What is the units digit of l?
5
Suppose -3 = 5*d - 673. What is the units digit of d?
4
Let f(k) = 3*k + 1. Suppose -7 = 3*l - 1. Let a be f(l). What is the units digit of ((-8)/10)/(a/25)?
4
Suppose -3*w + 6 = -3. Suppose 7 - 16 = -w*i. Suppose i*l - 3*t = l + 31, 4*t = 3*l - 46. What is the tens digit of l?
1
Let h = 3 + -1. Suppose -8 = -2*k + a, -k + 12 = 2*k + h*a. Suppose 3*t + 4*s = 34 + 7, 0 = -k*t - s + 33. What is the units digit of t?
7
Let o(n) = 7*n**2 - n - 2. What is the units digit of o(4)?
6
Suppose 2*b - 1 = b. Suppose -5*k - 25 = -0. Let t = b - k. What is the units digit of t?
6
Let f(o) = -2*o - 2. Let z(t) = 2 - 5 + 2*t + 8. Let m be z(-4). What is the units digit of f(m)?
4
Let c be 6/2*12/(-9). Let q be 1*4 + (-6 - c). Suppose -4*p + 10 = -q. What is the units digit of p?
3
What is the units digit of (6 - 10) + 34/1?
0
Let a(g) = -g**2 - 4*g + 7. Let l be a(-5). Suppose l*x - x = 7. What is the units digit of x?
7
Let p = -4 - -8. Suppose -p = -4*k + 8. What is the units digit of k?
3
Let n(l) = -l**2 - 24*l + 4. What is the hundreds digit of n(-11)?
1
Let p = -5 - -15. What is the units digit of p/(-3)*18/(-10)?
6
Suppose 0 = 3*t - 4*r - 9 + 3, -4*t + r + 21 = 0. Let p(g) = -g**2 + 7*g - 5. What is the units digit of p(t)?
1
What is the units digit of (-3)/6 - 265/(-10)?
6
Let q(p) = p**3 +